 Suppose -29*r = -q*r. Suppose -4*v + d = v - 732, 5*v - 5*d - 720 = r. What is the hundreds digit of v?
1
Let j be 1972/(-51) - 4/(-6). Suppose -5*v + 127 = 2*f, 0*v + 2*v = -4*f + 38. Let w = v - j. What is the tens digit of w?
6
Let t(q) = q**2 - 1354*q + 1358*q - 35 + 56 + 48. What is the tens digit of t(-32)?
6
Let t(r) be the first derivative of 5*r**3/3 - r**2/2 - 15*r - 1. Let c be (11 - (2 - 1)) + -14. What is the units digit of t(c)?
9
Let h = 225 + -126. Suppose h = 14*m - 11*m. What is the tens digit of m?
3
Suppose -7*z = -n - 469, 4*n + 2*z + 293 + 1373 = 0. Let v(d) = -8*d**2 + d - 1. Let q be v(1). What is the tens digit of 3/((-14)/n*(-10)/q)?
7
Suppose 3*x - 42303 = -4*a + 7*a, 6*a = -5*x + 70560. What is the tens digit of x?
0
Let h(x) = 2*x**2 - x - 16. Let k be (-7)/28 - (-11)/(-4). Let b be h(k). Suppose -w - w + 190 = -o, b*o = -5*w + 490. What is the tens digit of w?
9
Suppose 0 = 4*b - 0*b - 32. Let k(p) = 12*p**2 + 2*p - 22. Let c be k(b). What is the units digit of c/9 + 1 + 2/6?
6
Let f(y) = -y**2 - 4*y - 9. Let b be f(-4). Let z(q) = q + 29. Let u(c) = c + 28. Let j(x) = 3*u(x) - 2*z(x). What is the units digit of j(b)?
7
What is the units digit of 6/(-9)*(-42443 + -3 - -11 - 6)?
4
Let f(k) = 8*k - 34. Suppose 6*d - 6 = 3*d. Suppose -d*p = -4*q - 0*p + 44, -p = -q + 10. What is the units digit of f(q)?
2
Suppose -5*t + 22*l - 25*l = -23121, -l - 13867 = -3*t. What is the thousands digit of t?
4
Let z = -183 - -183. Suppose -4*a = -3*h + 730, z = -10*h + 6*h + a + 956. What is the tens digit of h?
3
Suppose -11*x + 624022 = 12*x + 6*x. What is the hundreds digit of x?
5
Suppose 5*z = -b - 2*b + 10, 4*z - 3*b - 35 = 0. Suppose -z*a = -0*a - 465. Let f = a - 62. What is the units digit of f?
1
Let w = -11800 - -22132. Suppose -w = -9*z - 3501. What is the tens digit of z?
5
Suppose -12*m = -22731 - 55389. What is the thousands digit of m?
6
Let h = -38 + 32. Let j = h + 10. Suppose -4*p - o = o - 562, -p = -j*o - 118. What is the tens digit of p?
3
Let a be 5*-1*1*(-1 + 0). Suppose -w = -a*c + 1146 + 691, 3*w + 1463 = 4*c. What is the tens digit of c?
6
What is the hundreds digit of ((-3308724)/(-114) - 15) + 2/19?
0
Suppose 5*b + 52527 = 4*r, -4*b + 26251 = 2*r - 9*b. What is the units digit of r?
8
Let v(x) be the first derivative of -x**4/4 - x**3/3 + x**2 - 17*x - 5545. Suppose -6 = c + 1. What is the units digit of v(c)?
3
Suppose 4*b - 4*n = 112, 2*b - 7*b - n = -158. Let t = b - 29. What is the units digit of (10*t)/((-15)/(-135))?
0
Let b(p) = p**3 - 5*p**2 + 4*p + 2. Let j be b(4). What is the units digit of ((-87)/j)/(1*(-2)/36)?
3
Let q(n) = -4*n - 5*n**2 + 6*n**2 + 0*n**2 + 20. Let r be q(0). Suppose -r*h = -25*h + 320. What is the tens digit of h?
6
Let m(k) = -19*k**3 + 11*k - 12*k - k**2 + 0*k**2 + 2*k**3. Let c = -7 - -6. What is the tens digit of m(c)?
1
Let z = -244 + 259. What is the tens digit of (-2 + 2067/z)/((-4)/(-20))?
7
What is the units digit of (-2)/(-6)*0 + (72358 - (15 - -20))?
3
Suppose 167339 + 221028 = 8*a + 146679. What is the units digit of a?
1
Let b = 7911 + 3584. What is the ten thousands digit of b?
1
Let f = -3760 - -5826. What is the units digit of f?
6
What is the hundreds digit of 7928 - (-6 - (-27 - -17))?
9
Let w = 12 - 18. Let o(d) = -d**2 - 6*d. Let q be o(w). Suppose 2*c - 2*x + 6*x - 96 = 0, 5*c + 5*x - 215 = q. What is the units digit of c?
8
Suppose 3*l - 2715 - 1683 = 0. Let i = l + -279. What is the tens digit of i?
8
Let l(u) = -u**3 + 11*u**2 + 9. Let s(x) = x**2 - 8*x + 23. Let v be s(5). Suppose -33 = 5*p - v*p. What is the units digit of l(p)?
9
Suppose -115*l = -106*l - 46926. Suppose 21*t - 43*t = -l. What is the tens digit of t?
3
Let i(p) = -342 + 942 + 52*p - 451. What is the units digit of i(6)?
1
Let y = 3385 - -1776. What is the hundreds digit of y?
1
Let z = -7 - 0. Let u = -10 - z. Let g(c) = -2*c**3 - 2*c**2 + 3*c. What is the tens digit of g(u)?
2
Let z(v) = 2*v + 68. Let p be z(-30). What is the units digit of ((-4)/p)/((-7)/1946)?
9
Let j = 644 - 641. Suppose 4*g - 3*g + j*o = 533, 0 = 5*g + 2*o - 2678. What is the tens digit of g?
3
Suppose 0 = 4*g + 5*t - 17, -3*g + 0*g - 5*t + 9 = 0. Suppose 3*m - 903 = -k, -3*k = -m - g*k + 287. What is the hundreds digit of m?
3
Suppose 0 = -l - 5*k + 37, -5*l - 4*k + 225 = k. Let y = -47 + l. Suppose -5*u = -r + 3*r - 27, r + 4*u - 15 = y. What is the units digit of r?
1
What is the hundreds digit of 4*-1*33253/(-22)?
0
Let d = 34 + 113. Suppose n = 4*n - d. Let q = n + -8. What is the tens digit of q?
4
Let d = -445 + 458. What is the units digit of (-4 - (-270)/65) + 21812/d?
8
Let a(z) = -z**2 + 7*z + 1. Let d be a(5). Let p = 11 - d. Suppose 2*n - 5*n + 183 = -5*v, v + 3 = p. What is the tens digit of n?
5
Suppose -6901 = -17*w + 2228. Suppose -2*z + w + 666 = 3*b, 4*b - 1624 = 4*z. What is the units digit of b?
3
Suppose 30 = -3*t + 3*a, 5*t - a + 46 = 3*a. What is the units digit of t*(5 - 4) - -202?
6
Suppose -4741 - 9169 = -13*j. Let u = -249 + j. What is the hundreds digit of u?
8
Let f be (-5 - (-30)/(-1))*-1. Suppose f*v + 30 = 29*v. What is the hundreds digit of 176 - (-10)/2 - v?
1
Suppose -2*r - 9*q + 30 = -4*q, 2 = 2*r - 2*q. Suppose 2*k = r*s + 398, -3*k + 3*s = 6*s - 639. What is the units digit of k?
9
Suppose 0 = 107*f - 111*f + 4*t + 142932, 5*f - 2*t - 178662 = 0. What is the ten thousands digit of f?
3
Let x = 71280 + -31144. What is the thousands digit of x?
0
Let k be (-1)/(-2) + 15/(-10) - -1. Suppose k = -2*n - 2*j - 270, 5*j - 279 - 5 = 2*n. Let a = 210 + n. What is the units digit of a?
3
Let v(q) = 3*q**2 + 7*q + 13. Let k be v(-7). Let s be (1 + k/6)*(4 + 14). What is the units digit of ((-32)/6)/((-18)/s)?
4
What is the tens digit of 8*3/156 + 6/(78/151357)?
4
Let r(s) = -298*s - 66. Let i be r(8). Let n = 3441 + i. What is the tens digit of n?
9
Let c = 43 + -40. Suppose 3*l + 3*j = 171, 4*l + c*j = 5*j + 258. Suppose l + 27 = i. What is the tens digit of i?
8
What is the units digit of (-147 - 13648)*1*-3?
5
Let r = 38479 - 22803. What is the tens digit of r?
7
Let j(t) = -t**3 + 8*t**2 - 9*t + 62859. What is the units digit of j(0)?
9
Let p be 11 + (3 + 2 - 1). Let t be (0 + -1)/(p/(-30))*3. What is the tens digit of ((-200)/t)/(-4 + 30/9)?
5
Suppose -5*g + 12173 - 2553 + 8805 = 0. What is the hundreds digit of g?
6
Let w = 4017 - -24369. What is the units digit of w?
6
Let d = 5796 + -3506. What is the hundreds digit of d?
2
Let b = -402 - -401. What is the hundreds digit of (b*3)/(114/(-50692))?
3
Let b be (348/90 - 4) + (-33587)/(-15). Suppose 4*s - 5*f = b, -5*s + 2*f = -s - 2230. What is the hundreds digit of s?
5
Let k(o) be the third derivative of -19*o**2 - 1/60*o**5 + 31/24*o**4 + 0 + 0*o + 7/3*o**3. What is the tens digit of k(29)?
7
Let n = -101 - -104. What is the units digit of (622/(-3))/((-2)/n)?
1
Let c be (-5)/(50/15) + (-1250)/(-4). Suppose 5*v + 399 = -c. Let j = -53 - v. What is the units digit of j?
9
Let l be 21/(-49) - 34/(-14). Suppose 7*b - l = 12. Suppose -5*x + 1792 = b*x. What is the units digit of x?
6
Suppose -17 - 11 = 4*u. Let d be 49*2 - (-5 - u). Suppose -3*o = 3*o - d. What is the units digit of o?
6
Let x(a) = -6*a**3 - 10*a**2 - 7*a + 4*a**3 + a**3 + 25. Suppose 702 = -120*t + 42*t. What is the units digit of x(t)?
7
What is the tens digit of (9*7/(-21))/(6/(-14090))?
4
Let l be 2/(-7) - (-4 + (-51)/7). Let a = l - -9. Let v = a + 24. What is the units digit of v?
4
Suppose 3*r + 2*i = 8 + 10, r + 5*i = 19. Suppose d - 251 = r*n, 2*d - n - 552 = -3*n. What is the units digit of d?
1
Suppose i + 198 = 4*v - i, -4*v + 208 = -4*i. Let b(u) = 3*u**2 - 111*u + 65. Let n be b(36). Let f = n + v. What is the units digit of f?
4
Let f(l) = 19*l**2 + 2 + 2*l + 13*l**2 + 8*l**2. Suppose 14 = -3*s - 5*v - 9, -4*s - 3*v - 16 = 0. What is the units digit of f(s)?
0
Suppose 33*z - 109341 = 47084 + 134041. What is the units digit of z?
2
Let s(w) = 27*w**3 - 8*w**2 - 5*w + 3. Let j be s(6). Suppose -786*g = -777*g - j. What is the tens digit of g?
1
Let u be 75/2*-20*3/(-6). Suppose b + 3*a = u, 1839 = 2*b + 3*b + 3*a. What is the tens digit of b?
6
Let f(r) = 15*r**2 + 44*r + 1059. What is the units digit of f(-16)?
5
Let w = -1843 + 2205. What is